{"id":75,"date":"2020-12-14T11:00:22","date_gmt":"2020-12-14T14:00:22","guid":{"rendered":"https:\/\/www.iluminasuenos.cl\/sitio\/?page_id=75"},"modified":"2023-08-05T12:50:42","modified_gmt":"2023-08-05T15:50:42","slug":"nuestros-proyectos","status":"publish","type":"page","link":"https:\/\/www.iluminasuenos.cl\/sitio\/nuestros-proyectos\/","title":{"rendered":"PROYECTOS"},"content":{"rendered":"<p>[vc_row][vc_column width=&#8221;1\/4&#8243;][vc_row_inner][vc_column_inner][vc_single_image image=&#8221;355&#8243; img_size=&#8221;full&#8221;][\/vc_column_inner][\/vc_row_inner][\/vc_column][vc_column width=&#8221;3\/4&#8243;][vc_row_inner][vc_column_inner width=&#8221;1\/4&#8243;][vc_column_text]<\/p>\n<h1 class=\"entry-title-pro\" style=\"text-align: left;\"><span style=\"color: #3366ff;\">Proyecto Ilumina tu comunidad<br \/>\n<\/span><\/h1>\n<p>[\/vc_column_text][\/vc_column_inner][vc_column_inner width=&#8221;3\/4&#8243;][vc_column_text]<\/p>\n<h4>El proyecto contempla disminuir la brecha digital mediante la implementaci\u00f3n de redes comunitarias y capacitaci\u00f3n en el uso responsable de esta herramienta en sectores de la Regi\u00f3n Metropolitana con presencia de ni\u00f1os, ni\u00f1as y adolescentes en edad escolar y de sectores vulnerables<\/h4>\n<p>[\/vc_column_text][\/vc_column_inner][\/vc_row_inner][vc_btn title=&#8221;VER PROYECTO&#8221; style=&#8221;flat&#8221; color=&#8221;juicy-pink&#8221; align=&#8221;right&#8221; link=&#8221;url:https%3A%2F%2Fwww.iluminasuenos.cl%2Fsitio%2Fproyecto-ilumina-tu-comunidad%2F|||&#8221;][\/vc_column][\/vc_row][vc_row][vc_column][vc_zigzag color=&#8221;vista_blue&#8221;][\/vc_column][\/vc_row][vc_row][vc_column width=&#8221;1\/4&#8243;][vc_row_inner][vc_column_inner][vc_single_image image=&#8221;664&#8243; img_size=&#8221;full&#8221;][\/vc_column_inner][\/vc_row_inner][\/vc_column][vc_column width=&#8221;3\/4&#8243;][vc_row_inner][vc_column_inner width=&#8221;1\/4&#8243;][vc_column_text]<\/p>\n<h1 class=\"entry-title-pro\" style=\"text-align: left;\"><span style=\"color: #3366ff;\">Proyecto Ilum\u00ednate con cuidado<\/span><\/h1>\n<p>[\/vc_column_text][\/vc_column_inner][vc_column_inner width=&#8221;3\/4&#8243;][vc_column_text]<\/p>\n<h4>El proyecto Ilum\u00ednate con cuidado es una propuesta de trabajo en el \u00e1mbito de la Convivencia Escolar, que promueve la alfabetizaci\u00f3n en informaci\u00f3n y datos, resoluci\u00f3n de problemas en los espacios digitales, creaci\u00f3n de contenido digital, autocuidado y protecci\u00f3n de la vida privada, toma de decisiones con responsabilidad, autoconciencia en el acceso y uso de herramientas de comunicaci\u00f3n<\/h4>\n<p>[\/vc_column_text][\/vc_column_inner][\/vc_row_inner][vc_btn title=&#8221;VER PROYECTO&#8221; style=&#8221;flat&#8221; color=&#8221;juicy-pink&#8221; align=&#8221;right&#8221; link=&#8221;url:https%3A%2F%2Fwww.iluminasuenos.cl%2Fsitio%2Fproyecto-iluminate-con-cuidado%2F|||&#8221;][\/vc_column][\/vc_row][vc_row][vc_column][vc_zigzag color=&#8221;vista_blue&#8221;][\/vc_column][\/vc_row][vc_row][vc_column][vc_column_text]<\/p>\n<h1 class=\"entry-title-pro\" style=\"text-align: left;\"><span style=\"color: #3366ff;\">Postula tu comunidad<\/span><\/h1>\n<p>[\/vc_column_text][\/vc_column][vc_column]<div role=\"form\" class=\"wpcf7\" id=\"wpcf7-f629-o1\" lang=\"es-CL\" dir=\"ltr\">\n<div class=\"screen-reader-response\"><p role=\"status\" aria-live=\"polite\" aria-atomic=\"true\"><\/p> <ul><\/ul><\/div>\n<form action=\"\/sitio\/wp-json\/wp\/v2\/pages\/75#wpcf7-f629-o1\" method=\"post\" class=\"wpcf7-form init\" novalidate=\"novalidate\" data-status=\"init\">\n<div style=\"display: none;\">\n<input type=\"hidden\" name=\"_wpcf7\" value=\"629\" \/>\n<input type=\"hidden\" name=\"_wpcf7_version\" value=\"5.3.1\" \/>\n<input type=\"hidden\" name=\"_wpcf7_locale\" value=\"es_CL\" \/>\n<input type=\"hidden\" name=\"_wpcf7_unit_tag\" value=\"wpcf7-f629-o1\" \/>\n<input type=\"hidden\" name=\"_wpcf7_container_post\" value=\"0\" \/>\n<input type=\"hidden\" name=\"_wpcf7_posted_data_hash\" value=\"\" \/>\n<\/div>\n<p>Si quieres postular a tu comunidad a recibir informaci\u00f3n del proyecto <b>\"Ilumina mi comunidad\"<\/b> , debes llenar el siguiente formulario:<\/p>\n<p>Informaci\u00f3n de contacto:<\/p>\n<p><label> Nombre y Apellido<br \/>\n    <span class=\"wpcf7-form-control-wrap your-name\"><input type=\"text\" name=\"your-name\" value=\"\" size=\"40\" class=\"wpcf7-form-control wpcf7-text wpcf7-validates-as-required\" aria-required=\"true\" aria-invalid=\"false\" \/><\/span> <\/label><\/p>\n<p><label> Correo electr\u00f3nico<br \/>\n    <span class=\"wpcf7-form-control-wrap your-email\"><input type=\"email\" name=\"your-email\" value=\"\" size=\"40\" class=\"wpcf7-form-control wpcf7-text wpcf7-email wpcf7-validates-as-required wpcf7-validates-as-email\" aria-required=\"true\" aria-invalid=\"false\" \/><\/span> <\/label><\/p>\n<p><label> Tel\u00e9fono<br \/>\n    <span class=\"wpcf7-form-control-wrap tel-439\"><input type=\"tel\" name=\"tel-439\" value=\"+56\" size=\"40\" class=\"wpcf7-form-control wpcf7-text wpcf7-tel wpcf7-validates-as-required wpcf7-validates-as-tel\" aria-required=\"true\" aria-invalid=\"false\" \/><\/span> <\/label><\/p>\n<p>Informaci\u00f3n de tu comunidad:<\/p>\n<p><label> Nombre<br \/>\n    <span class=\"wpcf7-form-control-wrap comunidad\"><input type=\"text\" name=\"comunidad\" value=\"\" size=\"40\" class=\"wpcf7-form-control wpcf7-text wpcf7-validates-as-required\" aria-required=\"true\" aria-invalid=\"false\" \/><\/span> <\/label><\/p>\n<p><label> comuna<br \/>\n    <span class=\"wpcf7-form-control-wrap your-subject\"><input type=\"text\" name=\"your-subject\" value=\"\" size=\"40\" class=\"wpcf7-form-control wpcf7-text wpcf7-validates-as-required\" aria-required=\"true\" aria-invalid=\"false\" \/><\/span> <\/label><\/p>\n<p><label> Cantidad de hogares<br \/>\n    <span class=\"wpcf7-form-control-wrap number-278\"><input type=\"number\" name=\"number-278\" value=\"\" class=\"wpcf7-form-control wpcf7-number wpcf7-validates-as-number\" min=\"1\" max=\"10000\" aria-invalid=\"false\" \/><\/span> <\/label><\/p>\n<p><label> Informacion adicional (opcional)<br \/>\n    <span class=\"wpcf7-form-control-wrap your-message\"><textarea name=\"your-message\" cols=\"40\" rows=\"10\" class=\"wpcf7-form-control wpcf7-textarea\" aria-invalid=\"false\"><\/textarea><\/span> <\/label><\/p>\n<p><input type=\"submit\" value=\"Submit\" class=\"wpcf7-form-control wpcf7-submit\" \/><\/p>\n<div class=\"wpcf7-response-output\" aria-hidden=\"true\"><\/div><\/form><\/div>[\/vc_column][vc_column][\/vc_column][\/vc_row]<\/p>\n","protected":false},"excerpt":{"rendered":"<p>[vc_row][vc_column width=&#8221;1\/4&#8243;][vc_row_inner][vc_column_inner][vc_single_image image=&#8221;355&#8243; img_size=&#8221;full&#8221;][\/vc_column_inner][\/vc_row_inner][\/vc_column][vc_column width=&#8221;3\/4&#8243;][vc_row_inner][vc_column_inner width=&#8221;1\/4&#8243;][vc_column_text] Proyecto Ilumina tu comunidad [\/vc_column_text][\/vc_column_inner][vc_column_inner width=&#8221;3\/4&#8243;][vc_column_text] El proyecto contempla disminuir la brecha digital mediante la implementaci\u00f3n de redes comunitarias y capacitaci\u00f3n en el uso responsable de esta herramienta en sectores de la Regi\u00f3n Metropolitana con presencia de ni\u00f1os, ni\u00f1as y adolescentes en edad escolar y de sectores vulnerables [\/vc_column_text][\/vc_column_inner][\/vc_row_inner][vc_btn [&hellip;]<\/p>\n","protected":false},"author":1,"featured_media":0,"parent":0,"menu_order":0,"comment_status":"closed","ping_status":"closed","template":"","meta":[],"_links":{"self":[{"href":"https:\/\/www.iluminasuenos.cl\/sitio\/wp-json\/wp\/v2\/pages\/75"}],"collection":[{"href":"https:\/\/www.iluminasuenos.cl\/sitio\/wp-json\/wp\/v2\/pages"}],"about":[{"href":"https:\/\/www.iluminasuenos.cl\/sitio\/wp-json\/wp\/v2\/types\/page"}],"author":[{"embeddable":true,"href":"https:\/\/www.iluminasuenos.cl\/sitio\/wp-json\/wp\/v2\/users\/1"}],"replies":[{"embeddable":true,"href":"https:\/\/www.iluminasuenos.cl\/sitio\/wp-json\/wp\/v2\/comments?post=75"}],"version-history":[{"count":23,"href":"https:\/\/www.iluminasuenos.cl\/sitio\/wp-json\/wp\/v2\/pages\/75\/revisions"}],"predecessor-version":[{"id":669,"href":"https:\/\/www.iluminasuenos.cl\/sitio\/wp-json\/wp\/v2\/pages\/75\/revisions\/669"}],"wp:attachment":[{"href":"https:\/\/www.iluminasuenos.cl\/sitio\/wp-json\/wp\/v2\/media?parent=75"}],"curies":[{"name":"wp","href":"https:\/\/api.w.org\/{rel}","templated":true}]}}