{"id":667,"date":"2023-08-05T12:45:07","date_gmt":"2023-08-05T15:45:07","guid":{"rendered":"https:\/\/www.iluminasuenos.cl\/sitio\/?page_id=667"},"modified":"2023-08-05T13:10:02","modified_gmt":"2023-08-05T16:10:02","slug":"proyecto-iluminate-con-cuidado","status":"publish","type":"page","link":"https:\/\/www.iluminasuenos.cl\/sitio\/proyecto-iluminate-con-cuidado\/","title":{"rendered":"Proyecto Iluminate con cuidado"},"content":{"rendered":"<p>[vc_row][vc_column][vc_column_text]<\/p>\n<div class=\"page\" title=\"Page 1\">\n<div class=\"section\">\n<div class=\"layoutArea\">\n<div class=\"column\">\n<h1>Ilumi\u0301nate con cuidado es una propuesta de trabajo en el a\u0301mbito de la ConvivenciaEscolar, que promueve la alfabetizacio\u0301n digital.<\/h1>\n<\/div>\n<\/div>\n<\/div>\n<\/div>\n<p>[\/vc_column_text][\/vc_column][\/vc_row][vc_row css=&#8221;.vc_custom_1608146489678{margin-top: 4% !important;margin-bottom: 4% !important;}&#8221;][vc_column][vc_zigzag color=&#8221;orange&#8221;][\/vc_column][\/vc_row][vc_row][vc_column width=&#8221;1\/3&#8243;][vc_column_text]<\/p>\n<div class=\"h-global-transition-all h-heading style-224 style-local-6-c32 position-relative h-element\" data-colibri-id=\"6-c32\">\n<div class=\"h-heading__outer style-224 style-local-6-c32\">\n<h1 style=\"text-align: center;\"><span style=\"color: #3366ff;\">Objetivos<\/span><\/h1>\n<\/div>\n<\/div>\n<p>[\/vc_column_text][vc_column_text]<\/p>\n<div class=\"h-column h-column-container d-flex h-col-lg-6 h-col-md-6 h-col-6 style-223-outer style-local-6-c31-outer\">\n<div class=\"d-flex h-flex-basis h-column__inner h-px-lg-0 h-px-md-0 h-px-0 v-inner-lg-0 v-inner-md-0 v-inner-0 style-223 style-local-6-c31 position-relative\" data-colibri-id=\"6-c31\">\n<div class=\"w-100 h-y-container h-column__content h-column__v-align flex-basis-100 align-self-lg-start align-self-md-start align-self-start\">\n<div class=\"h-text h-text-component style-225 style-local-6-c33 position-relative h-element\" data-colibri-id=\"6-c33\">\n<div class=\"\">\n<h5>Como Fundaci\u00f3n Ilumina sue\u00f1os tenemos como objetivo generar un impacto social en la brecha educacional de nuestro pa\u00eds. Para eso, promovemos el acceso y uso sostenible de la tecnolog\u00eda de la informaci\u00f3n y las comunicaciones (TIC) donde todos y todas cuenten con las habilidades necesarias para moverse en espacios digitales de manera segura y consciente<\/h5>\n<\/div>\n<\/div>\n<\/div>\n<\/div>\n<\/div>\n<p>[\/vc_column_text][\/vc_column][vc_column width=&#8221;1\/3&#8243;][vc_column_text]<\/p>\n<div class=\"h-global-transition-all h-heading style-224 style-local-6-c32 position-relative h-element\" data-colibri-id=\"6-c32\">\n<div class=\"h-heading__outer style-224 style-local-6-c32\">\n<h1 style=\"text-align: center;\"><span style=\"color: #ff6600;\"><span style=\"color: #3366ff;\">Por qu\u00e9 promover competencias digitales?<\/span><br \/>\n<\/span><\/h1>\n<\/div>\n<\/div>\n<p>[\/vc_column_text][vc_column_text]<\/p>\n<h5>Permite acceder y evaluar informaci\u00f3n de manera efectiva y cr\u00edtica. Ayuda a desarrollar habilidades como: la resoluci\u00f3n de problemas, la creatividad y la comunicaci\u00f3n. Brinda una ventaja competitiva en el mercado laboral. Permite participar activamente en la sociedad digital de manera responsable<\/h5>\n<p>[\/vc_column_text][\/vc_column][vc_column width=&#8221;1\/3&#8243;][vc_column_text]<\/p>\n<div class=\"h-global-transition-all h-heading style-224 style-local-6-c32 position-relative h-element\" data-colibri-id=\"6-c32\">\n<div class=\"h-heading__outer style-224 style-local-6-c32\">\n<h1 style=\"text-align: center;\"><span style=\"color: #3366ff;\">Competencias que promovemos<\/span><\/h1>\n<\/div>\n<\/div>\n<p>[\/vc_column_text][vc_column_text]<\/p>\n<h5>Alfabetizaci\u00f3n en informaci\u00f3n y datos. Resoluci\u00f3n de problemas en los espacios digitales. Creaci\u00f3n de contenido digital. Autocuidado y protecci\u00f3n de la vida privada. Toma de decisiones con responsabilidad. Autoconciencia en el acceso y uso de herramientas de comunicaci\u00f3n<\/h5>\n<p>[\/vc_column_text][\/vc_column][\/vc_row][vc_row css=&#8221;.vc_custom_1608146489678{margin-top: 4% !important;margin-bottom: 4% !important;}&#8221;][vc_column][vc_zigzag color=&#8221;orange&#8221;][vc_row_inner][vc_column_inner][vc_empty_space][\/vc_column_inner][\/vc_row_inner][vc_column_text]<\/p>\n<div class=\"page\" title=\"Page 1\">\n<div class=\"section\">\n<div class=\"layoutArea\">\n<div class=\"column\">\n<h1 style=\"text-align: center;\">Estos talleres fueron dise\u00f1ados para reducir las brechas digitales, centr\u00e1ndose en mejorar la capacidad operativa en el uso de nuevas tecnolog\u00edas y fomentando el uso cr\u00edtico de las mismas<\/h1>\n<\/div>\n<\/div>\n<\/div>\n<\/div>\n<p>[\/vc_column_text][\/vc_column][\/vc_row][vc_row][vc_column width=&#8221;1\/3&#8243;][vc_column_text]<\/p>\n<div class=\"h-global-transition-all h-heading style-224 style-local-6-c32 position-relative h-element\" data-colibri-id=\"6-c32\">\n<div class=\"h-heading__outer style-224 style-local-6-c32\">\n<h1 style=\"text-align: center;\"><span style=\"color: #ff9900;\">Estudiantes<\/span><\/h1>\n<\/div>\n<\/div>\n<p>[\/vc_column_text][vc_column_text]<\/p>\n<div class=\"h-column h-column-container d-flex h-col-lg-6 h-col-md-6 h-col-6 style-223-outer style-local-6-c31-outer\">\n<div class=\"d-flex h-flex-basis h-column__inner h-px-lg-0 h-px-md-0 h-px-0 v-inner-lg-0 v-inner-md-0 v-inner-0 style-223 style-local-6-c31 position-relative\" data-colibri-id=\"6-c31\">\n<div class=\"w-100 h-y-container h-column__content h-column__v-align flex-basis-100 align-self-lg-start align-self-md-start align-self-start\">\n<div class=\"h-text h-text-component style-225 style-local-6-c33 position-relative h-element\" data-colibri-id=\"6-c33\">\n<div class=\"\">\n<h4>Contenidos de las sesiones:<\/h4>\n<ul>\n<li>\n<h4>B\u00fasqueda, selecci\u00f3n y evaluaci\u00f3n de informaci\u00f3n<\/h4>\n<\/li>\n<li>\n<h4>Comunicaci\u00f3n digital y Autoconciencia<\/h4>\n<\/li>\n<li>\n<h4>Seguridad Digital y Autocuidado<\/h4>\n<\/li>\n<li>\n<h4>Creaci\u00f3n de contenido<\/h4>\n<\/li>\n<\/ul>\n<\/div>\n<\/div>\n<\/div>\n<\/div>\n<\/div>\n<p>[\/vc_column_text][\/vc_column][vc_column width=&#8221;1\/3&#8243;][vc_column_text]<\/p>\n<div class=\"h-global-transition-all h-heading style-224 style-local-6-c32 position-relative h-element\" data-colibri-id=\"6-c32\">\n<div class=\"h-heading__outer style-224 style-local-6-c32\">\n<h1 style=\"text-align: center;\"><span style=\"color: #ff9900;\">Docentes<\/span><\/h1>\n<\/div>\n<\/div>\n<p>[\/vc_column_text][vc_column_text]<\/p>\n<div class=\"h-column h-column-container d-flex h-col-lg-6 h-col-md-6 h-col-6 style-223-outer style-local-6-c31-outer\">\n<div class=\"d-flex h-flex-basis h-column__inner h-px-lg-0 h-px-md-0 h-px-0 v-inner-lg-0 v-inner-md-0 v-inner-0 style-223 style-local-6-c31 position-relative\" data-colibri-id=\"6-c31\">\n<div class=\"w-100 h-y-container h-column__content h-column__v-align flex-basis-100 align-self-lg-start align-self-md-start align-self-start\">\n<div class=\"h-text h-text-component style-225 style-local-6-c33 position-relative h-element\" data-colibri-id=\"6-c33\">\n<div class=\"\">\n<h4>Contenidos de la sesi\u00f3n:<\/h4>\n<ul>\n<li>\n<h4>Prevenci\u00f3n de violencia digital<\/h4>\n<\/li>\n<li>\n<h4>Chat GPT<\/h4>\n<\/li>\n<\/ul>\n<\/div>\n<\/div>\n<\/div>\n<\/div>\n<\/div>\n<p>[\/vc_column_text][\/vc_column][vc_column width=&#8221;1\/3&#8243;][vc_column_text]<\/p>\n<div class=\"h-global-transition-all h-heading style-224 style-local-6-c32 position-relative h-element\" data-colibri-id=\"6-c32\">\n<div class=\"h-heading__outer style-224 style-local-6-c32\">\n<h1 style=\"text-align: center;\"><span style=\"color: #ff9900;\">Apoderados<\/span><\/h1>\n<\/div>\n<\/div>\n<p>[\/vc_column_text][vc_column_text]<\/p>\n<div class=\"h-column h-column-container d-flex h-col-lg-6 h-col-md-6 h-col-6 style-223-outer style-local-6-c31-outer\">\n<div class=\"d-flex h-flex-basis h-column__inner h-px-lg-0 h-px-md-0 h-px-0 v-inner-lg-0 v-inner-md-0 v-inner-0 style-223 style-local-6-c31 position-relative\" data-colibri-id=\"6-c31\">\n<div class=\"w-100 h-y-container h-column__content h-column__v-align flex-basis-100 align-self-lg-start align-self-md-start align-self-start\">\n<div class=\"h-text h-text-component style-225 style-local-6-c33 position-relative h-element\" data-colibri-id=\"6-c33\">\n<div class=\"\">\n<h4>Contenidos de la sesi\u00f3n:<\/h4>\n<ul>\n<li>\n<h4>Interacci\u00f3n de las familias con las pantallas<\/h4>\n<\/li>\n<li>\n<h4>Redes Sociales<\/h4>\n<\/li>\n<li>\n<h4>Responsabilidad parental<\/h4>\n<\/li>\n<\/ul>\n<\/div>\n<\/div>\n<\/div>\n<\/div>\n<\/div>\n<p>[\/vc_column_text][\/vc_column][\/vc_row][vc_row css=&#8221;.vc_custom_1608146489678{margin-top: 4% !important;margin-bottom: 4% !important;}&#8221;][vc_column][vc_zigzag color=&#8221;orange&#8221;][\/vc_column][\/vc_row]<\/p>\n","protected":false},"excerpt":{"rendered":"<p>[vc_row][vc_column][vc_column_text] Ilumi\u0301nate con cuidado es una propuesta de trabajo en el a\u0301mbito de la ConvivenciaEscolar, que promueve la alfabetizacio\u0301n digital. [\/vc_column_text][\/vc_column][\/vc_row][vc_row css=&#8221;.vc_custom_1608146489678{margin-top: 4% !important;margin-bottom: 4% !important;}&#8221;][vc_column][vc_zigzag color=&#8221;orange&#8221;][\/vc_column][\/vc_row][vc_row][vc_column width=&#8221;1\/3&#8243;][vc_column_text] Objetivos [\/vc_column_text][vc_column_text] Como Fundaci\u00f3n Ilumina sue\u00f1os tenemos como objetivo generar un impacto social en la brecha educacional de nuestro pa\u00eds. Para eso, promovemos el acceso y uso [&hellip;]<\/p>\n","protected":false},"author":2,"featured_media":0,"parent":0,"menu_order":0,"comment_status":"closed","ping_status":"open","template":"","meta":[],"_links":{"self":[{"href":"https:\/\/www.iluminasuenos.cl\/sitio\/wp-json\/wp\/v2\/pages\/667"}],"collection":[{"href":"https:\/\/www.iluminasuenos.cl\/sitio\/wp-json\/wp\/v2\/pages"}],"about":[{"href":"https:\/\/www.iluminasuenos.cl\/sitio\/wp-json\/wp\/v2\/types\/page"}],"author":[{"embeddable":true,"href":"https:\/\/www.iluminasuenos.cl\/sitio\/wp-json\/wp\/v2\/users\/2"}],"replies":[{"embeddable":true,"href":"https:\/\/www.iluminasuenos.cl\/sitio\/wp-json\/wp\/v2\/comments?post=667"}],"version-history":[{"count":3,"href":"https:\/\/www.iluminasuenos.cl\/sitio\/wp-json\/wp\/v2\/pages\/667\/revisions"}],"predecessor-version":[{"id":671,"href":"https:\/\/www.iluminasuenos.cl\/sitio\/wp-json\/wp\/v2\/pages\/667\/revisions\/671"}],"wp:attachment":[{"href":"https:\/\/www.iluminasuenos.cl\/sitio\/wp-json\/wp\/v2\/media?parent=667"}],"curies":[{"name":"wp","href":"https:\/\/api.w.org\/{rel}","templated":true}]}}